e
Is 6 a factor of 30?
True
Is 5 a factor of 800?
True
Is 35 a factor of 117379?
False
Does 22 divide 1940?
False
Does 63 divide 119574?
True
Does 2 divide 233?
False
Does 86 divide 34486?
True
Is 998 a multiple of 13?
False
Is 4413 a multiple of 33?
False
Is 23 a factor of 10143?
True
Is 24615 a multiple of 283?
False
Is 22 a factor of 41801?
False
Does 34 divide 78234?
True
Does 14 divide 4476?
False
Does 25 divide 231?
False
Does 55 divide 4950?
True
Does 3 divide 219?
True
Does 20 divide 80?
True
Is 29300 a multiple of 6?
False
Is 3301 a multiple of 15?
False
Is 33 a factor of 29931?
True
Does 14 divide 1713?
False
Is 155 a factor of 9276?
False
Is 21996 a multiple of 52?
True
Is 17 a factor of 1857?
False
Does 72 divide 1225?
False
Does 162 divide 36450?
True
Is 95830 a multiple of 259?
True
Is 3 a factor of 194?
False
Is 18 a factor of 38350?
False
Is 269 a factor of 21177?
False
Is 7 a factor of 1085?
True
Is 55 a factor of 816?
False
Is 3 a factor of 270?
True
Is 51 a factor of 2085?
False
Is 222 a multiple of 37?
True
Does 14 divide 336?
True
Is 11 a factor of 684?
False
Does 6 divide 240?
True
Does 13 divide 7141?
False
Is 22994 a multiple of 8?
False
Is 67 a factor of 24737?
False
Is 76 a factor of 152?
True
Is 4 a factor of 5344?
True
Is 11 a factor of 165988?
False
Is 14 a factor of 266?
True
Does 104 divide 3120?
True
Does 5 divide 1417?
False
Is 68 a factor of 748?
True
Is 6 a factor of 840?
True
Is 81 a factor of 1053?
True
Does 32 divide 76?
False
Is 5 a factor of 513?
False
Does 12 divide 55993?
False
Is 1136 a multiple of 8?
True
Is 603 a multiple of 53?
False
Is 5300 a multiple of 20?
True
Does 37 divide 2849?
True
Is 15 a factor of 3240?
True
Does 7 divide 2625?
True
Is 23820 a multiple of 3?
True
Is 6725 a multiple of 224?
False
Is 184 a factor of 6440?
True
Is 11226 a multiple of 23?
False
Does 5 divide 1720?
True
Does 19 divide 1596?
True
Is 3 a factor of 120?
True
Is 9 a factor of 2582?
False
Is 18 a factor of 3874?
False
Does 48 divide 528?
True
Is 1798 a multiple of 69?
False
Does 12 divide 9936?
True
Is 4284 a multiple of 68?
True
Is 56885 a multiple of 40?
False
Does 9 divide 10066?
False
Does 86 divide 3278?
False
Is 267 a multiple of 14?
False
Is 16 a factor of 1127?
False
Is 10675 a multiple of 29?
False
Is 40020 a multiple of 15?
True
Is 825 a multiple of 55?
True
Is 42 a factor of 840?
True
Is 1192 a multiple of 13?
False
Is 92 a factor of 2024?
True
Is 34 a factor of 14228?
False
Does 42 divide 13356?
True
Does 28 divide 703?
False
Does 4 divide 2702?
False
Is 76 a factor of 18772?
True
Is 12164 a multiple of 24?
False
Does 21 divide 9198?
True
Does 12 divide 18141?
False
Is 13 a factor of 533?
True
Is 46 a factor of 535?
False
Is 9 a factor of 396?
True
Is 1797 a multiple of 105?
False
Is 21 a factor of 6195?
True
Does 44 divide 1188?
True
Is 263 a multiple of 2?
False
Is 7 a factor of 7644?
True
Is 81 a factor of 40014?
True
Is 96 a factor of 4512?
True
Is 17 a factor of 119?
True
Is 5424 a multiple of 12?
True
Is 17 a factor of 391?
True
Is 404 a multiple of 22?
False
Is 2739 a multiple of 11?
True
Is 1136 a multiple of 30?
False
Is 5022 a multiple of 7?
False
Is 10706 a multiple of 11?
False
Is 3259 a multiple of 2?
False
Does 72 divide 1080?
True
Is 3 a factor of 384?
True
Does 97 divide 776?
True
Is 46036 a multiple of 13?
False
Does 15 divide 780?
True
Is 42 a multiple of 21?
True
Does 51 divide 79748?
False
Does 28 divide 2159?
False
Is 8811 a multiple of 33?
True
Is 974 a multiple of 8?
False
Is 8330 a multiple of 45?
False
Does 8 divide 3240?
True
Is 14 a factor of 480?
False
Does 94 divide 8366?
True
Is 55 a factor of 9130?
True
Is 17238 a multiple of 51?
True
Is 24952 a multiple of 123?
False
Is 956 a multiple of 43?
False
Is 13 a factor of 12324?
True
Is 2917 a multiple of 9?
False
Is 13 a factor of 1344?
False
Is 51 a factor of 3723?
True
Does 5 divide 85?
True
Does 13 divide 1214?
False
Does 31 divide 2139?
True
Does 8 divide 16190?
False
Is 8 a factor of 29342?
False
Does 23 divide 1173?
True
Does 8 divide 70760?
True
Is 63 a factor of 85617?
True
Does 7 divide 574?
True
Is 286 a multiple of 26?
True
Does 6 divide 90?
True
Is 97 a factor of 2642?
False
Does 36 divide 936?
True
Is 36 a factor of 12815?
False
Does 23 divide 1035?
True
Is 1450 a multiple of 58?
True
Is 17066 a multiple of 23?
True
Is 5 a factor of 391?
False
Does 22 divide 770?
True
Is 14 a factor of 2506?
True
Does 238 divide 54838?
False
Does 52 divide 1179?
False
Is 164 a factor of 7216?
True
Does 27 divide 6166?
False
Is 4104 a multiple of 19?
True
Does 64 divide 5771?
False
Is 831 a multiple of 18?
False
Is 1003 a multiple of 53?
False
Is 59 a factor of 1694?
False
Is 7154 a multiple of 81?
False
Does 33 divide 2095?
False
Is 10 a factor of 2000?
True
Is 1794 a multiple of 13?
True
Is 8313 a multiple of 3?
True
Is 6 a factor of 133?
False
Does 356 divide 37380?
True
Does 42 divide 9912?
True
Is 3265 a multiple of 39?
False
Is 48 a factor of 1586?
False
Is 11 a factor of 97450?
False
Does 18 divide 12114?
True
Is 3003 a multiple of 21?
True
Does 104 divide 4761?
False
Is 82 a factor of 1609?
False
Is 11 a factor of 570?
False
Does 21 divide 15477?
True
Does 136 divide 7763?
False
Does 21 divide 4088?
False
Is 36050 a multiple of 29?
False
Is 532 a multiple of 4?
True
Is 9 a factor of 51125?
False
Is 71 a factor of 781?
True
Is 45 a multiple of 2?
False
Is 12 a factor of 852?
True
Is 3465 a multiple of 21?
True
Does 8 divide 144?
True
Does 107 divide 31079?
False
Does 13 divide 129272?
True
Does 26 divide 34138?
True
Is 7484 a multiple of 11?
False
Is 155 a multiple of 3?
False
Is 15067 a multiple of 88?
False
Does 5 divide 164?
False
Is 44 a factor of 18908?
False
Is 103 a factor of 14241?
False
Does 81 divide 11016?
True
Is 4 a factor of 140?
True
Does 9 divide 11275?
False
Is 6752 a multiple of 422?
True
Is 5 a factor of 1299?
False
Is 5 a multiple of 3?
False
Is 179 a factor of 15931?
True
Is 11 a factor of 45375?
True
Is 1316 a multiple of 14?
True
Does 33 divide 1056?
True
Is 7164 a multiple of 36?
True
Does 30 divide 2390?
False
Does 11 divide 681?
False
Does 44 divide 101904?
True
Is 52 a factor of 884?
True
Is 896 a multiple of 32?
True
Does 11 divide 6290?
False
Is 2498 a multiple of 53?
False
Is 23 a factor of 8671?
True
Is 84 a factor of 35318?
False
Is 16 a factor of 9635?
False
Is 7326 a multiple of 18?
True
Is 792 a multiple of 12?
True
Is 127 a multiple of 10?
False
Does 95 divide 285?
True
Does 20 divide 62104?
False
Is 3978 a multiple of 34?
True
Is 109 a multiple of 5?
False
Is 1488 a multiple of 8?
True
Is 16642 a multiple of 11?
False
Is 15 a factor of 226?
False
Is 2133 a multiple of 79?
True
Is 96 a factor of 14540?
False
Is 21 a factor of 315?
True
Is 10 a factor of 5048?
False
Does 57 divide 465?
False
Is 10274 a multiple of 22?
True
Is 416 a multiple of 16?
True
Is 37596 a multiple of 52?
True
Does 9 divide 4761?
True
Is 242 a multiple of 22?
True
Does 15 divide 2809?
False
Does 65 divide 53935?
False
Is 2 a factor of 9?
False
Is 16524 a multiple of 17?
True
Is 7525 a multiple of 175?
True
Is 6 a factor of 1003?
False
Does 72 divide 720?
True
Is 6245 a multiple of 7?
False
Is 73 a factor of 438?
True
Does 3 divide 1039?
False
Is 51 a multiple of 17?
True
Does 3 divide 3685?
False
Is 174 a multiple of 5?
False
Is 155 a multiple of 4?
False
Is 88 a factor of 10216?
False
Does 10 divide 8323?
False
Does 8 divide 49961?
False
Is 4 a factor of 340?
True
Is 9204 a multiple of 13?
True
Does 15 divide 655?
False
Is 35108 a multiple of 115?
False
Does 12 divide 10792?
False
Is 4 a factor of 3594?
False
Is 4 a factor of 20?
True
Does 16 divide 640?
True
Does 41 divide 11398?
True
Is 9 a factor of 4000?
False
Is 72 a factor of 720?
True
Is 148 a multiple of 37?
True
Is 15 a factor of 6289?
False
Is 418 a multiple of 38?
True
Is 60 a factor of 270?
False
Is 1707 a multiple of 30?
False
Is 813 a multiple of 16?
False
Is 14 a factor of 588?
True
Does 122 divide 66246?
True
Is 4653 a multiple of 64?
False
Does 53 divide 4187?
True
Does 60 divide 4020?
True
Does 25 divide 3243?
False
Is 1530 a multiple of 9?
True
Does 40 divide 1200?
True
Does 14 divide 9453?
False
Is 274 a multiple of 4?
False
Is 780 a multiple